 = 667 + -668. Let v(x) = x**3 + x + 1. Give v(m).
-1
Let f(l) = 10*l**2 + l - 46. Let q(i) = -9*i**2 - i + 37. Let j(y) = -4*f(y) - 5*q(y). Let r be 6*(2 - (-5)/(-3)). Suppose o - r = -o. Calculate j(o).
5
Let x be (1 - -3)/(10/115). Let t(h) = 10*h + 46 - 87 - 7*h**2 + x - 2*h - h**3. What is t(-8)?
5
Let m(f) = f**2 - 4*f + 3. Suppose 8*h = 6*h - 18. Let j = 82 - h. Let g = j + -87. What is m(g)?
3
Let x(c) = c**2 - 7*c - 47. Let l(n) = -29*n**2 - 29*n + 10. Let j be l(-1). Give x(j).
-17
Let q(b) = -b**3 - 3*b**2 + b + 4. Let z = 357 - 297. Suppose -17*a + z = -37*a. What is q(a)?
1
Let n(l) = 3*l + 7*l + 6*l - 18*l + l + 27939*l**2 - 27938*l**2. Suppose -3*d = -q - 10, 4*q - 4*d = -15 - 1. What is n(q)?
2
Let k = 230 + -217. Let j(o) = -o**3 + 14*o**2 - 12*o + 14. What is j(k)?
27
Let y(b) = 58 - 7011*b + 2333*b + 2319*b + b**2 + 2338*b. Calculate y(3).
4
Let c(i) = -i + 2. Suppose l = 9*l - 56. Suppose 2*r + 12*u = 9*u - l, -3*u = 5*r - 5. Calculate c(r).
-2
Let r(p) = -p**3 + 7*p**2 + 10*p - 12. Suppose -4*j + 25 = j. Suppose -5*a - 19 + 4 = 0, 4*w = -j*a + 29. Suppose -37 - w = -6*t. What is r(t)?
4
Let a be (24/16 + -6)*-2*1. Let k(x) = -x**2 + 6*x + 32. Calculate k(a).
5
Let u(f) = 13*f**2 - 8. Let s(b) = b**2 - 1. Suppose 0 = 2*k - 3*o, 5*k + 5*o + 22 = k. Let c(w) = k*u(w) + 24*s(w). What is c(-1)?
-15
Let m(g) be the second derivative of g**4/24 + 2*g**3 - 5*g**2 - 2*g - 17. Let j(z) be the first derivative of m(z). Calculate j(-16).
-4
Let i(x) be the third derivative of x**4/24 + 5*x**3/6 - 6*x**2. Let s be 5148/517 - 18/(-423). Give i(s).
15
Let p(w) = 35*w - 71. Let c be p(2). Let y(q) = 9*q**3 - q**2 - 4*q - 5. Calculate y(c).
-11
Let a = -269522 + 269508. Let v(d) = -13*d**2 - 4 + 13*d - d**3 - 11*d + 12*d. Determine v(a).
-4
Let k(s) = -s**2 - 5*s + 3. Let g(z) = -4*z + 71. Let m be g(18). Let y(f) = -2*f + 1. Let b(t) = m*k(t) + y(t). Determine b(-6).
16
Let f(i) be the first derivative of -i**7/840 - i**6/60 - i**5/40 - i**4/8 + i**3/3 - 16*i**2 - 69. Let s(x) be the third derivative of f(x). Determine s(-5).
-13
Let p(g) = 17 + 8*g + 11*g - 9*g - 8*g. Let a(z) = -4*z - 18. Let m(x) = 3*a(x) + 4*p(x). Determine m(5).
-6
Let n(k) = -k**3 - 25*k**2 - 2*k - 50. Let y be (-15)/10*10/30*50. What is n(y)?
0
Let i(d) = -d**3 + 5*d**2 + 3*d + 8. Let u be i(5). Let h be (-1 + 40)/(-24 + u). Let r = 35 + h. Let o(n) = 2*n**2 + 4*n + 3. Calculate o(r).
19
Let d(t) = -3*t + 49. Suppose 188*r + 209 + 531 - 5252 = 0. What is d(r)?
-23
Let m(c) be the first derivative of c**2 + 5*c + 3. Let i = -31405 + 31397. Determine m(i).
-11
Let u(x) = 8 - x - 6*x**2 - 2*x**2 + 7*x**2 - 2*x**2. Let z(w) = 7*w**2 + w - 16. Let t(d) = 5*u(d) + 2*z(d). Let c be (-282)/48 - (-1)/(-8). What is t(c)?
-10
Let l be (-2028)/(-5746) + 1971/51. Let t(i) = i**3 - 40*i**2 + 40*i - 26. Give t(l).
13
Let m(h) = 4*h - 80. Let n be (2/(-6))/((4 + -13)/567). Calculate m(n).
4
Let w(q) be the first derivative of 6*q**2 - 37*q - 1141. Determine w(3).
-1
Let u(c) = -c**3 - c**2 + c - 4. Let y(s) = -s**3 + 11*s**2 - 18*s - 44. Let l be y(10). Let d = -127 - l. Determine u(d).
11
Suppose 0 = -2*h + 2*w + 40, -68 = -4*h + 7*w - 6*w. Let a(m) = -m**2 + 20*m - 11. Determine a(h).
53
Suppose 6*v - 7*v + 5*k + 2 = 0, -3*k = v - 10. Let h(l) = 2*l + 2. Let m be h(0). Let d(c) = 0 - 5 - m*c + 5*c + 4*c - c**2. Determine d(v).
-5
Suppose -n = 4*i + 3*n + 8, -3*n = -2*i - 19. Suppose 1235 = 3*x - 1906. Let v(z) = -1048 + 64*z - 67*z + x. Calculate v(i).
14
Suppose 0 = 65*r - 108*r - 86. Let y(n) be the second derivative of n**5/10 - n**4/4 - n**3/6 + n**2/2 + 12*n. Determine y(r).
-25
Let v(s) = s**3 + s**2 + s - 11. Suppose 3*j = k - 24, 0*j - k + 40 = -5*j. Let l(t) = -t**3 - 8*t**2 - t - 8. Let w be l(j). Calculate v(w).
-11
Let v(y) = 2 + y - 1 - 3 + 0*y. Let o(u) = -3*u**3 - 3*u**2 + 14*u + 53. Let h(g) = g**3 + 2*g**2 - g + 1. Let k(f) = 4*h(f) + o(f). Let r be k(-5). Give v(r).
5
Let s(i) = -16*i**2 + 160*i + 1. Let y be s(10). Let n(b) = -b**3 + b**2 - 7*b + 6. What is n(y)?
-1
Suppose 0 = -2*x + 3*x + 8. Let b = x - -2. Let y(u) = 4*u - 6 - 223965*u**2 + 0 + 223966*u**2. Determine y(b).
6
Let z(s) = -30*s**2 - 110*s - 76. Let w(v) = -8*v**2 - 27*v - 19. Let j(r) = 11*w(r) - 3*z(r). Give j(-16).
3
Suppose -5*l = 5*f - 4*l - 23, f + l = 7. Let p(q) = q - 23242*q**2 + 69726*q**2 - 23241*q**2 - 23244*q**2 + 3. Calculate p(f).
-9
Let z be 21 - (-9 + 25/5). Suppose -32*n - z = -27*n. Let v(m) = m**2 + 3*m - 3. Give v(n).
7
Let m(y) = 2*y**3 - y**2 + y - 6. Suppose 3*n = -2*s - 6, -22 = -0*n - 5*n + 2*s. Calculate m(n).
8
Suppose -43*u - 124 = 908. Let p(d) = -d**3 - 25*d**2 - 26*d - 56. Give p(u).
-8
Let w = -112 + 114. Let g(l) = 3*l + 0 + 1 - l + 14*l**w + 0*l. Determine g(-1).
13
Let l(y) = -y**3 + 5*y**2 + 5*y - 3. Let d be (21/(-14) - -2)*-12. Let x be 35/15 + (-4)/d. Give l(x).
30
Let v(f) = 12*f - 1. Let u(n) = n**2 - 19*n + 43. Let s be (-1)/3 + 196/12. Let c be u(s). Let h(x) = -2*x**2 - 9*x + 4. Let d be h(c). Determine v(d).
-13
Let v(z) = 7*z + 18 - 15*z + 12*z. Let s be v(-9). Let x be ((-2)/(-4))/(35/s + 2). Let l(i) = -i**2 + 9*i - 11. Give l(x).
-11
Let j(g) = -g**3 + 3*g**2 + 6*g - 4. Suppose -13*q = -62 + 530. Suppose -2*r + 76 = -4*c, -51 = -r + 3*c - 14. Let b = q + r. Give j(b).
4
Let f(o) = 62*o**2 + 2. Let v be 2/6*(23 + -20). What is f(v)?
64
Let q(y) = -y**2 + 19*y - 10. Let p be 26 + -1*(15 + (0 - 8)). Determine q(p).
-10
Let q(g) = -13*g**3 + 6*g**2 + 11*g + 6. Let m(w) = 2*w**3 + w**2 - 2*w. Let x(k) = 6*m(k) + q(k). Determine x(12).
-6
Let d(t) be the second derivative of 8*t**3/3 - 53*t**2/2 + 3640*t. Give d(4).
11
Let y(d) = 3*d + 11. Let n(s) = s**3 + 7*s**2 - 30*s + 13. Let o be n(4). Suppose o + 211 = -35*f. Calculate y(f).
-13
Let v(k) = -3*k**3 + 2*k**2 + 16*k - 2*k**3 - 4*k**3 + 5*k**3 + 3*k**3 + 5. Determine v(4).
37
Let p(r) = 44*r**2 - 128*r - 3. Let v be p(3). Let k(o) = -11*o + 38. Determine k(v).
-61
Let x(s) = 2*s**2 - 22*s + 44. Suppose -216*k = -217*k + 8. Give x(k).
-4
Let f(m) = -9*m - 2. Let w = -530 + 548. Suppose -143*j - w = -134*j. Give f(j).
16
Let z(d) = -5*d + 149 + d**2 - 76 - 68. Let n be ((-52)/16 + 4)/((-6)/(-40)). Calculate z(n).
5
Let n(r) = r**2 + r + 5. Let y be 5 - 1 - (-13 - -16) - -1. Let c be ((-2)/2)/(1/y). Let z be (-1 + c - -3)/(-1 - 2). Give n(z).
5
Let i be -79*((-4)/(-1) - 3)*1. Let z = i + 83. Let j(t) = -t + 1. Let h(x) = 4*x. Let u(a) = -h(a) - 6*j(a). Calculate u(z).
2
Suppose -3*h + 1176 = -3*v, -25*v + 21*v - 395 = -h. Let b = 386 - h. Let q(t) = 1. Let w(z) = -3*z + 2. Let g(k) = -4*q(k) + w(k). What is g(b)?
13
Let a(z) = -z**2 - 2*z. Let u = 54 - 123. Let m = -66 - u. Let s be (4 - (m - 3)) + -8. Determine a(s).
-8
Let m(a) = 36*a**2 - 14*a - 14. Suppose 2*v + 9046 = 3*t + 9026, 4*v - 8 = -2*t. Give m(v).
36
Let y(t) be the third derivative of t**5/60 + 13*t**4/24 - 13*t**3/6 - 2242*t**2. Give y(-15).
17
Let r(y) be the third derivative of -7*y**4/24 - 26*y**3/3 - 8*y**2 - 86*y - 1. Determine r(-10).
18
Let p(n) = -n**2 + 23*n - 87. Let s be p(18). Let m(j) = -7*j - 1737*j**2 + 871*j**2 + 865*j**2 - s. Determine m(-5).
7
Let r(o) = o - 7. Suppose 0 = 18*g + 3 - 21. Let j(c) = 6*c**2 + 2*c. Let h be j(g). What is r(h)?
1
Let h(j) = 4*j**3 - j**2 + 67*j + 3. Let k(l) = -4*l**3 - 81*l - 3. Let d(s) = -6*h(s) - 5*k(s). What is d(2)?
-5
Let w(k) be the first derivative of k**4/4 - 5*k**3/3 - 9*k**2 + 9*k - 1110. Give w(7).
-19
Suppose 2*a - 3*i + 2*i = -13, -5 = 5*a + 3*i. Let t(o) = o - 12. Let c(d) = -2*d + 22. Let f(z) = a*c(z) - 7*t(z). Let h be ((-3)/(-9))/(3/54). Calculate f(h).
2
Let p(n) = -16*n + 3*n + 2*n**3 + 1 - n**3 + 16 - 5*n**2 - 2*n. Determine p(7).
10
Let a(k) be the first derivative of 33*k**2/2 + k - 82. What is a(-1)?
-32
Let y(l) = 10*l + 123. Let a(h) = -h. Let q be a(12). Let v be y(q). Let s(n) = n**2 - 5 + n**3 + 3 - 2*n**2 - 2*n. Determine s(v).
10
Suppose -2*q - 95 = -6*o + o, -q - 73 = -4*o. Suppose -2*k + 67 - o = -2*a, a = -2*k + 38. Let x(s) = 14 + 12 - 2*s - k. What is x(5)?
-5
Let h be 13 + -15 + (-234)/(-26). Let b(m) = 10*m - 4. Give b(h).
66
Let o(i) = 5*i**3 - 12*i**2 + 22*i - 74. Let l(q) = -27*q**3 + 59*q**2 - 112*q + 373. Let s(b) = 2*l(b) + 11*o(b). Give 